Calculate y(w).
-7
Let y(x) = x**2 + 2*x. Let q be y(-5). Let g be (-24)/q + 4/(-10). Let d(c) be the third derivative of -c**5/60 - c**4/24 + c**3/6 + c**2. What is d(g)?
-1
Suppose -b - 3 = -0. Let z(f) = 2*f + 3. Let p be z(b). Let n(h) = -h**2 - 3*h - 3. Calculate n(p).
-3
Let f(o) = -o**2 - 5*o - 1. Let a be f(-4). Let v(t) be the first derivative of -4*t + 1/3*t**a - 1 + t**2. Determine v(3).
11
Let p(j) = 6*j - 2. Let x(q) = 11*q - 5. Let t(g) = 7*p(g) - 4*x(g). Determine t(5).
-4
Let p(s) = s - 9. Let c(f) = f**3 - 7*f**2 - 6*f + 3. Let b be c(8). Let t = b - 12. What is p(t)?
-2
Let p(d) be the third derivative of d**4/24 + d**3/2 + 2*d**2. Let m = 51 - 48. Determine p(m).
6
Suppose -3*h - 2*k = 28 + 19, -4*h - 59 = -k. Let l be (-4)/3*h/(-2). Let f = l + 11. Let u(n) = 8*n. What is u(f)?
8
Let m(d) = -d**3 - 3*d**2 + d + 1. Let s(g) = -2*g**3 - 2*g**2. Let w(c) = 3*m(c) - 2*s(c). Give w(3).
-6
Let i(y) = -5*y**2 - 1. Let w(x) = x**3 + 4*x**2 - 3*x + 11. Let o be w(-5). Give i(o).
-6
Suppose -3 = -4*m + 9. Let v(x) = -x + m + 0 - 2*x. Suppose -3*z + 6 = -0*z. What is v(z)?
-3
Let d(p) = -p**2 + 9*p - 4. Suppose -36 = -4*r + 4*s, -25 = -3*r - 3*s - 4. Determine d(r).
4
Let m(l) be the second derivative of -l**5/20 - l**4/3 + 7*l**3/6 - l**2/2 - 4*l. Calculate m(-5).
-11
Let r(c) be the third derivative of c**5/30 + c**4/3 + 2*c**3/3 - 7*c**2. Give r(-5).
14
Let w(j) = -j + 1. Let t(l) = l + 1. Let q(i) = -4*t(i) + w(i). Give q(-4).
17
Let v(y) = -4 + 0 - 8 + y**2. Let h = 8 - 8. Determine v(h).
-12
Let a(d) = 25*d**3 + 0*d + 4 + 3*d + 0*d - 3*d**2 - 26*d**3 - 5. Let w(q) = -q**3 - 7*q**2 - 5*q + 2. Let p be w(-6). Give a(p).
3
Let r be 34/(-119) - 38/14. Let u(q) = -q**3 - 3*q**2 + 4*q + 3. Determine u(r).
-9
Let y = 5 + -5. Suppose 0 = f - 2 - y. Let s(g) = 4*g**2 - g**2 + g**f. Give s(-1).
4
Let b(i) = i**3 - i - 10. Let n = -10 - -10. Calculate b(n).
-10
Let w(b) = -11*b - 7. Let m(f) = -5*f - 4. Suppose -2 = -4*c - 26. Let s(g) = c*w(g) + 13*m(g). Calculate s(0).
-10
Let t(l) be the third derivative of -1/24*l**4 + 2*l**2 + 7/60*l**5 + 0 + 0*l**3 + 0*l. Let k be (-1 + 2)*(0 - -1). Give t(k).
6
Let u(s) = -2*s**3 + 6*s**2 - s + 7. Let i(b) = -5*b**3 + 12*b**2 - 2*b + 15. Let k(f) = -3*i(f) + 7*u(f). Determine k(-6).
10
Let x(o) = -4*o**2 - 17*o + 11. Let z(u) = 2*u**2 + 9*u - 6. Let t(j) = 6*x(j) + 11*z(j). Determine t(-2).
-2
Let r(z) be the first derivative of z**5/30 + z**4/8 + z**3/3 - 2. Let i(t) be the third derivative of r(t). Give i(-2).
-5
Let m(i) be the second derivative of i**3/6 + 2*i**2 - 13*i. Give m(0).
4
Let k(b) = 3*b + 6. Let z be (-19)/(-5) + 7/35. Suppose -z*o = -o + 12. Determine k(o).
-6
Suppose 0 = 5*o - 3 - 2. Let c be o + -5 + 3 + -2. Let w(x) = -x**3 - 4*x**2 - x + 3. What is w(c)?
-3
Let v be 3 + (-3)/1 + 8. Let r(n) = 2*n**2 + 6 + 5*n - v - n**2. Give r(-3).
-8
Let s(b) be the third derivative of 1/12*b**4 - 1/60*b**5 + 0*b - 3*b**2 - 1/6*b**3 + 0. Determine s(1).
0
Let b(y) = 2*y - 5. Let k be b(4). Let m(g) be the third derivative of g**4/24 + g**3/6 + 23*g**2. Calculate m(k).
4
Let f(i) = -i. Suppose -2*y - 6 = y + 5*s, s = 3*y + 24. Let t be 2*(-3)/(-7)*y. Calculate f(t).
6
Let z(n) be the second derivative of n**5/20 + n**4/3 - n**3/2 + 7*n**2/2 - n. Suppose -3*q + 16 = -7*q + 4*c, -9 = q + 4*c. Give z(q).
-3
Let q(p) be the first derivative of -1/12*p**4 + 1/20*p**5 + 2*p - 1/6*p**3 - 1 - p**2. Let a(m) be the first derivative of q(m). Determine a(0).
-2
Let s(r) = r**2 - 4*r - 3. Suppose 6*t - 5 = 25. Determine s(t).
2
Let j(d) = -d**2 + 4*d + 5. Suppose -30 = -4*f + 2*s, f + 7 = -4*s + 1. Suppose -3*h - f = -0. Let g be (1 - h) + -2 + 4. What is j(g)?
0
Suppose -7 + 22 = -5*u. Suppose 20 = 5*y - 0*y. Let g(m) = 4*m + 0*m - y + m**2 - m. Determine g(u).
-4
Suppose -5*j - 5*v = -35, -2*v = -3*j - 0*v + 16. Let x(b) = 5*b - 5 + 2*b + 0 - j*b. What is x(4)?
-1
Let q(m) = -3*m - 1. Let y be (1 - 3/(-6))/((-1)/2). Calculate q(y).
8
Let y(l) = l. Let t(b) = 8. Let s(q) = -t(q) + y(q). Calculate s(-6).
-14
Let f = -12 - -15. Suppose -f*d - 2*h = -d + 10, 12 = -4*d + 4*h. Let v(l) = l**2 + 3*l - 4. Determine v(d).
0
Let n(h) = h**3 - 6*h**2 - 7*h + 1. Let x = 22 - 15. What is n(x)?
1
Let o(g) = -g**3 + 6*g**2 - 3. Let z be o(6). Let b(w) = 5*w**2 + 3 + 3*w - 8*w**2 - w**3 + w. Determine b(z).
-9
Let g = 12 + -17. Let a be (0 + -1)/(4/(-8)). Let o(k) = -a*k + 3*k + 4*k + k**2 - 6 + 0*k. Give o(g).
-6
Let i be -21*(-1 - 3)/12. Let x(d) = d - 6. Calculate x(i).
1
Let v = 32 + -26. Let b(r) = 3*r + 12. Let m(g) = -4*g - 18. Let t = -5 + 12. Let y(s) = t*b(s) + 5*m(s). Give y(v).
0
Let l(q) = -6*q**2 + q - 9. Let r(c) = c**2 - c + 1. Let j(y) = -l(y) - 5*r(y). Calculate j(-6).
16
Let p(l) = -4*l**3 + 8 - 6 - 6*l**2 + 7 + 3*l + 3*l**3. Give p(-6).
-9
Suppose -3*r + c - 16 = 0, -10 = 5*r - 6*c + c. Let x be 5/2 + r/(-14). Let g(k) = -k + 6. Give g(x).
3
Let a(k) = -k**3 - 5*k**2 + 6*k + 2. Let z(w) = w**3 - 5*w**2 - 4*w + 2. Suppose 5*j + c = 21, -3 = c + 1. Let d be z(j). Let s = d + 12. Give a(s).
2
Let c(f) = -f**3 - 9*f**2 - 8*f - 1. Let d(z) = 9*z**3 - 2*z - 1. Let o be d(-1). What is c(o)?
-1
Let t(z) be the second derivative of -z**5/20 + z**4/4 + 2*z**3/3 - z**2/2 + 39*z. Determine t(4).
-1
Let a(k) = 0*k - 4*k + k - 6. Suppose -5*h = 4*u - 33, h = 3*u - 15 - 24. Suppose -u = 3*f + g, g - 12 = -3*g. Determine a(f).
9
Let i(j) be the first derivative of -j**3/3 - 2*j**2 + 2*j - 1. Let x = 86 + -53. Let n = 29 - x. What is i(n)?
2
Let z(x) be the first derivative of -5*x**4/2 + 2*x**3/3 - x - 4. Calculate z(1).
-9
Let c(r) = 2 + 4*r**2 + 0*r**2 - 3*r**3 + 2*r**3 - r. Suppose 15 = 6*u - 3. Let d(n) = n**3 - 2*n**2 - 2*n. Let f be d(u). Calculate c(f).
8
Let w be (-3)/(-6)*12/3. Let m(i) = 1 + w*i + 2 - 2. Calculate m(1).
3
Let a(l) = -5*l + 2*l - 2 + 5*l. Let d(h) = -h**2 + 4*h - 2. Let z be d(4). Determine a(z).
-6
Let x(g) be the first derivative of -2*g - 3*g**2 + 3 + 5*g**2 + 0*g - g**2. Let s be (1 - 4)*(2 + -1). Give x(s).
-8
Let i(w) = 3*w**2 + w**2 - 3*w**2. Suppose 7*g - 10 = 4*g + f, -8 = -4*g - 4*f. Give i(g).
9
Let s(x) = -3*x - 1. Let b = 15 - 13. Give s(b).
-7
Let x(b) be the second derivative of b**5/20 - 7*b**4/12 + b**3/6 + 3*b**2/2 + 10*b. Give x(7).
10
Suppose 5*k = -0*h - 2*h - 11, -h - k = 1. Let l(v) = v**3 - v**2 + 2*v - 3. Let r be l(h). Let o(w) = -w**2 - 2*w**2 + 2*w**2 + 3 + 5*w. What is o(r)?
3
Let i(o) = o**2 + 4*o - 7. Suppose 6*q = q + 25. Suppose l = -3*r + 2 - 8, 0 = q*l - 2*r + 30. Give i(l).
5
Suppose 0*k + k = 6. Let b(x) = -4 - 5 + k - x**3. What is b(0)?
-3
Let u(k) = 7*k + 2. Suppose 4*a + 0*a + 16 = 0. Let v(p) = 13*p + 3. Let x(g) = a*v(g) + 7*u(g). Calculate x(-2).
8
Let h(c) = -3*c - 6 - 3*c - 13*c**2 + 12*c**2. Let j be h(-5). Let x(g) = 7*g**2 + g + 1. What is x(j)?
7
Let k(x) = 3*x**3 + x**2 - x + 1. Suppose 4*j + 3*n = -j + 8, -3*n = 2*j - 5. Determine k(j).
4
Suppose 5 = -5*i + 30. Let y(f) = f**3 - 6*f**2 + 6*f + 2. Determine y(i).
7
Let b(n) be the second derivative of n**7/2520 + n**6/120 + n**5/24 + n**4/4 - n. Let m(j) be the third derivative of b(j). Calculate m(-6).
5
Let k be -1 - (-2 + (0 - 1)). Let u(a) be the first derivative of 2*a**3/3 - 3*a**2/2 + 3*a - 3. What is u(k)?
5
Let t(i) be the third derivative of i**6/360 + i**5/120 + i**4/12 - 3*i**2. Let k(z) be the second derivative of t(z). Determine k(-3).
-5
Let u be (-5)/1*20/25. Let k(v) = -6*v - 1. Calculate k(u).
23
Let t(g) = -19*g**2 + 9. Let w(s) = s**3 + 18*s**2 - 10. Let u(l) = -2*t(l) - 3*w(l). Let c(j) = j**3 + 5*j**2 - 4. Let v(a) = 7*c(a) + 2*u(a). Give v(-3).
-4
Let a(t) = -t**3 + 5*t**2 - t + 3. Let i = -3 + 3. Suppose 2*f - f - 14 = i. Suppose 0 = 2*v - q - 13, v - f = -3*v - 2*q. Determine a(v).
-2
Let j(n) = -n**3 + 4*n**2 - 4*n - 60 - n**2 - 5*n**2 + 57. Suppose 3*s - 4 = 5*s. Determine j(s).
5
Let m(g) = -2*g + 8. Let v be m(7). Let a(y) = -y**2 - 2*y + 5. Let f(p) = -p**2 - p + 6. Let w(z) = 4*a(z) - 3*f(z). What is w(v)?
-4
Let f(d) = d**2 - d - 3. Let j(u) = 3*u - 1. Let q be j(1). Suppose -4*n + 13 = -b, b - n - 7 = -q*n. Give f(b).
3
Let j(r) = -r + 4. Suppose 2 - 26 = 3*z. What is j(z)?
12
Let k(a) = a**3 - 3*a + 4. Let t(c) = -c**2 + c. Let g(l) = -k(l) - 6*t(l). W